{"id":2434,"date":"2009-01-25T14:11:06","date_gmt":"2009-01-25T13:11:06","guid":{"rendered":"http:\/\/konsumpf.de\/?page_id=2434"},"modified":"2024-06-09T08:53:54","modified_gmt":"2024-06-09T06:53:54","slug":"culture-jamming-adbusting-werbekritik","status":"publish","type":"page","link":"https:\/\/konsumpf.de\/?page_id=2434","title":{"rendered":"Culture Jamming \/ Adbusting \/ Werbekritik"},"content":{"rendered":"<p>Hier findet ihr interessante weiterf\u00fchrende Informationen rund um die schillernden Themen <strong>Culture Jamming, Adbusting, Werbekritik<\/strong> u.\u00e4. \u2013 zuerst empfehle ich denen, die sie noch nicht kennen, als Einf\u00fchrung die Lekt\u00fcre meiner Beitr\u00e4ge:<\/p>\n<ul>\n<li>\u201e<a href=\"http:\/\/konsumpf.de\/?p=2238\">Was ist eigentlich Culture Jamming? Und was soll Adbusting?<\/a>\u201c,<\/li>\n<li>sowie meine <a href=\"http:\/\/konsumpf.de\/?p=1921\">Aufkl\u00e4rungsserie \u201eWerbung schadet\u201c<\/a><\/li>\n<\/ul>\n<p>Weitere sehr empfehlenswerte Texte zu <strong>Culture Jamming &amp; Adbusting<\/strong>:<\/p>\n<ul>\n<li><span style=\"color: #000080;\">Marc Alexander Holtz<\/span>: \u201e<a href=\"http:\/\/info-parkour.de\/kategorien\/medien-information\/lesen\/beitrag\/mindfuck\/medien\/mindfuck-nach-till-eulenspiegel\/\">Mindfuck nach Till Eulenspiegel<\/a>\u201c (&gt;&gt; <a href=\"http:\/\/konsumpf.de\/wp-content\/uploads\/2009\/01\/artikel-culture-jamming.pdf\">pdf<\/a>, &gt;&gt; <a href=\"http:\/\/konsumpf.de\/wp-content\/uploads\/2009\/01\/mindfuck-mix01.mp3\">mp3<\/a>)<\/li>\n<li><span style=\"color: #000080;\">Christoph Behnke:<\/span> \u201e<a href=\"http:\/\/eipcp.net\/transversal\/1202\/behnke\/de\">Culture Jamming und Reklametechnik<\/a>\u201c<\/li>\n<li><span style=\"color: #000080;\">Danny Kringiel:<\/span> \u201e<a href=\"http:\/\/einestages.spiegel.de\/static\/topicalbumbackground\/7181\/der_axt_faktor.html\">Der Axt-Faktor<\/a>\u201c (einestages, 19.4.2010)<\/li>\n<li><span style=\"color: #000080;\">Thomas Fischermann:<\/span> \u201e<a href=\"http:\/\/www.zeit.de\/2000\/46\/Unzeigen_statt_Anzeigen\">Unzeigen statt Anzeigen. Ein kanadischer Werbeprofi k\u00e4mpft gegen den Konsumwahn.<\/a>\u201c (DIE ZEIT 46\/2000)<\/li>\n<li><span style=\"color: #000080;\">Christian Hartard:<\/span> \u201e<a href=\"http:\/\/www.freischwimmer.net\/jamming.pdf\">Krieg der Zeichen. Culture Jamming als \u00e4sthetische Taktik des Widerspruchs<\/a>\u201c (freischwimmer, 2004, pdf)<\/li>\n<li><span style=\"color: #000080;\">Hilmar Poganatz:<\/span> \u201e<a href=\"http:\/\/www.fluter.de\/de\/protest\/thema\/6191\/\">Ein Hallelujah auf die Anti-Werbung. Wie Culture Jammer gegen Werbung k\u00e4mpfen<\/a>\u201c (fluter.de, 24.9.2007)<\/li>\n<li><span style=\"color: #000080;\">Nathalie Roller:<\/span> \u201e<a href=\"http:\/\/www.heise.de\/tp\/r4\/artikel\/7\/7794\/1.html\">Adbusting made in France \u2013 Immer mehr Franzosen mobilisieren sich gegen die omnipr\u00e4sente Werbeflut und verteidigen ihr Recht auf die \u201aFreiheit des Blickes<\/a>\u2018\u201c (Telepolis, 2001)<\/li>\n<li><span style=\"color: #000080;\">Uh-Young Kim:<\/span> \u201e<a href=\"http:\/\/www.spiegel.de\/kultur\/gesellschaft\/0,1518,386645,00.html\">Konsumkritik mit Kick-Ass-Marketing<\/a>\u201c (Spiegel, 25.11.2005)<\/li>\n<li><span style=\"color: #000080;\">Mark Dery:<\/span> \u201e<a href=\"http:\/\/www.markdery.com\/archives\/books\/culture_jamming\/\">Culture Jamming: Hacking, slashing and sniping in the empire of signs<\/a>\u201c (1993; einer der pr\u00e4genden Texte \u00fcber CJ)<\/li>\n<li><span style=\"color: #000080;\">Dagny Nome:<\/span> \u201e<a href=\"http:\/\/www.anthrobase.com\/Txt\/N\/Nome_D_01.htm\">Culture Jamming<\/a>\u201c (engl., Seminararbeit, Copenhagen Business School)<\/li>\n<li><span style=\"color: #000080;\">Stephen DeVoy:<\/span> \u201e<a href=\"http:\/\/media.portland.indymedia.org\/media\/2005\/03\/314249.pdf\">Meme Warfare: How to overthrow the powers that be on a low budget<\/a>\u201c (2005, pdf)<\/li>\n<li><span style=\"color: #000080;\">Guy Debord:<\/span> \u201e<a href=\"http:\/\/www.geocities.com\/situ1968\/spektakel.html\">Die Gesellschaft des Spektakels<\/a>\u201c (komplettes Buch online; ein Klassiker der franz\u00f6sischen Situationisten und eine Grundlage f\u00fcr die CJ-Bewegung)<\/li>\n<li>\u201e<a href=\"http:\/\/bleib-passiv.de\/?p=8\">A wie Adbusting<\/a>\u201c (Bleib passiv!, 29.6.2009)<\/li>\n<li>\u201e<a href=\"http:\/\/www.arte.tv\/de\/kunst-musik\/tracks\/a-z\/630924.html\">Tribal \u2013 Culture Jamming<\/a>\u201c (ARTE, 9.9.2003)<\/li>\n<li>\u201e<a href=\"http:\/\/www.buechergilde.de\/archiv\/lizenzausgaben\/lasn.shtml \">Es funktioniert wie beim Judo<\/a>\u201c (Rezension des Buches \u201eCulture Jamming\u201c; B\u00fcchergilde)<\/li>\n<\/ul>\n<p>Artikel, die sich mit den grunds\u00e4tzlichen sch\u00e4dlichen Auswirkungen von Reklame auseinandersetzen:<\/p>\n<ul>\n<li><span style=\"color: #000080;\">Ludger L\u00fctkehaus<\/span> \u201e<a href=\"http:\/\/www.literaturkritik.de\/public\/rezension.php?rez_id=6804&amp;amp;ausgabe=200402\">Reklame, die Pest der Kommerzgesellschaft<\/a>\u201c (literaturkritik.de)<\/li>\n<li><span style=\"color: #000080;\">Egon W. Kreutzer<\/span> \u201e<a href=\"http:\/\/konsumpf.de\/?p=6827\">Werbung ist Krieg<\/a>\u201c<\/li>\n<li><span style=\"color: #000080;\">Gary Ruskin<\/span> \u201e<a href=\"http:\/\/konsumpf.de\/?p=5034\">Vieles von dem, was Werbetreibende tun, ist eine Verletzung der Privatsph\u00e4re<\/a>\u201c (Advertising Age, 2004)<\/li>\n<li><span style=\"color: #000080;\">Hugh Rank<\/span> \u201e<a href=\"http:\/\/konsumpf.de\/?p=6754\">Wie man sich gegen Reklame, PR und andere Propaganda zur Wehr setzt<\/a>\u201c<\/li>\n<li>\u201e<a href=\"http:\/\/krit.de\/werbung-ist-eine-wahre-pestilenz-geworden\/\">Werbung ist eine wahre Pestilenz geworden<\/a>\u201c (Interview mit ZAF, krit.de)<\/li>\n<li>\u201e<a href=\"http:\/\/konsumpf.de\/?p=3448\">Wie der Druck durch Werbung die freie Presse korrumpieren kann<\/a>\u201c (Project Censored)<\/li>\n<li>\u201e<a href=\"http:\/\/konsumpf.de\/?p=3512\">Was ist mit Werbung nicht in Ordnung?<\/a>\u201c (Teil 1; von mir \u00fcbersetzte Artikel von Prof. Hugh Rank)<\/li>\n<\/ul>\n<p style=\"text-align: center;\"><a href=\"http:\/\/konsumpf.de\/wp-content\/uploads\/2009\/01\/prozac-adbusting.jpg\"><img loading=\"lazy\" decoding=\"async\" class=\"aligncenter size-full wp-image-2445\" style=\"margin-top: 35px;\" title=\"prozac-adbusting\" src=\"http:\/\/konsumpf.de\/wp-content\/uploads\/2009\/01\/prozac-adbusting.jpg\" alt=\"prozac-adbusting\" width=\"237\" height=\"325\" \/><\/a><\/p>\n<h3 class='related_post_title'>Verwandte Beitr\u00e4ge:<\/h3><ul class='related_post'><li>Keine verwandten Beitr\u00e4ge<\/li><\/ul>","protected":false},"excerpt":{"rendered":"<p>Hier findet ihr interessante weiterf\u00fchrende Informationen rund um die schillernden Themen Culture Jamming, Adbusting, Werbekritik u.\u00e4. \u2013 zuerst empfehle ich denen, die sie noch nicht kennen, als Einf\u00fchrung die Lekt\u00fcre meiner Beitr\u00e4ge: \u201eWas ist eigentlich Culture Jamming? Und was soll Adbusting?\u201c, sowie meine Aufkl\u00e4rungsserie \u201eWerbung schadet\u201c Weitere sehr empfehlenswerte Texte zu Culture Jamming &amp; Adbusting: [&hellip;]<\/p>\n","protected":false},"author":1,"featured_media":0,"parent":2421,"menu_order":3,"comment_status":"closed","ping_status":"open","template":"","meta":{"footnotes":""},"yoast_head":"<!-- This site is optimized with the Yoast SEO plugin v24.4 - https:\/\/yoast.com\/wordpress\/plugins\/seo\/ -->\n<title>Culture Jamming \/ Adbusting \/ Werbekritik - Konsumpf - Forum f\u00fcr kreative Konsumkritik - Culture Jamming, Nachhaltigkeit, Konzernkritik, Adbusting<\/title>\n<meta name=\"robots\" content=\"index, follow, max-snippet:-1, max-image-preview:large, max-video-preview:-1\" \/>\n<link rel=\"canonical\" href=\"https:\/\/konsumpf.de\/?page_id=2434\" \/>\n<meta property=\"og:locale\" content=\"de_DE\" \/>\n<meta property=\"og:type\" content=\"article\" \/>\n<meta property=\"og:title\" content=\"Culture Jamming \/ Adbusting \/ Werbekritik - Konsumpf - Forum f\u00fcr kreative Konsumkritik - Culture Jamming, Nachhaltigkeit, Konzernkritik, Adbusting\" \/>\n<meta property=\"og:description\" content=\"Hier findet ihr interessante weiterf\u00fchrende Informationen rund um die schillernden Themen Culture Jamming, Adbusting, Werbekritik u.\u00e4. \u2013 zuerst empfehle ich denen, die sie noch nicht kennen, als Einf\u00fchrung die Lekt\u00fcre meiner Beitr\u00e4ge: \u201eWas ist eigentlich Culture Jamming? Und was soll Adbusting?\u201c, sowie meine Aufkl\u00e4rungsserie \u201eWerbung schadet\u201c Weitere sehr empfehlenswerte Texte zu Culture Jamming &amp; Adbusting: [&hellip;]\" \/>\n<meta property=\"og:url\" content=\"https:\/\/konsumpf.de\/?page_id=2434\" \/>\n<meta property=\"og:site_name\" content=\"Konsumpf - Forum f\u00fcr kreative Konsumkritik - Culture Jamming, Nachhaltigkeit, Konzernkritik, Adbusting\" \/>\n<meta property=\"article:modified_time\" content=\"2024-06-09T06:53:54+00:00\" \/>\n<meta property=\"og:image\" content=\"http:\/\/konsumpf.de\/wp-content\/uploads\/2009\/01\/prozac-adbusting.jpg\" \/>\n<meta name=\"twitter:card\" content=\"summary_large_image\" \/>\n<meta name=\"twitter:label1\" content=\"Gesch\u00e4tzte Lesezeit\" \/>\n\t<meta name=\"twitter:data1\" content=\"3\u00a0Minuten\" \/>\n<script type=\"application\/ld+json\" class=\"yoast-schema-graph\">{\"@context\":\"https:\/\/schema.org\",\"@graph\":[{\"@type\":\"WebPage\",\"@id\":\"https:\/\/konsumpf.de\/?page_id=2434\",\"url\":\"https:\/\/konsumpf.de\/?page_id=2434\",\"name\":\"Culture Jamming \/ Adbusting \/ Werbekritik - Konsumpf - Forum f\u00fcr kreative Konsumkritik - Culture Jamming, Nachhaltigkeit, Konzernkritik, Adbusting\",\"isPartOf\":{\"@id\":\"https:\/\/konsumpf.de\/#website\"},\"primaryImageOfPage\":{\"@id\":\"https:\/\/konsumpf.de\/?page_id=2434#primaryimage\"},\"image\":{\"@id\":\"https:\/\/konsumpf.de\/?page_id=2434#primaryimage\"},\"thumbnailUrl\":\"http:\/\/konsumpf.de\/wp-content\/uploads\/2009\/01\/prozac-adbusting.jpg\",\"datePublished\":\"2009-01-25T13:11:06+00:00\",\"dateModified\":\"2024-06-09T06:53:54+00:00\",\"breadcrumb\":{\"@id\":\"https:\/\/konsumpf.de\/?page_id=2434#breadcrumb\"},\"inLanguage\":\"de\",\"potentialAction\":[{\"@type\":\"ReadAction\",\"target\":[\"https:\/\/konsumpf.de\/?page_id=2434\"]}]},{\"@type\":\"ImageObject\",\"inLanguage\":\"de\",\"@id\":\"https:\/\/konsumpf.de\/?page_id=2434#primaryimage\",\"url\":\"https:\/\/konsumpf.de\/wp-content\/uploads\/2009\/01\/prozac-adbusting.jpg\",\"contentUrl\":\"https:\/\/konsumpf.de\/wp-content\/uploads\/2009\/01\/prozac-adbusting.jpg\",\"width\":\"305\",\"height\":\"420\"},{\"@type\":\"BreadcrumbList\",\"@id\":\"https:\/\/konsumpf.de\/?page_id=2434#breadcrumb\",\"itemListElement\":[{\"@type\":\"ListItem\",\"position\":1,\"name\":\"Startseite\",\"item\":\"https:\/\/konsumpf.de\/\"},{\"@type\":\"ListItem\",\"position\":2,\"name\":\"Wissensbasis\",\"item\":\"https:\/\/konsumpf.de\/?page_id=2421\"},{\"@type\":\"ListItem\",\"position\":3,\"name\":\"Culture Jamming \/ Adbusting \/ Werbekritik\"}]},{\"@type\":\"WebSite\",\"@id\":\"https:\/\/konsumpf.de\/#website\",\"url\":\"https:\/\/konsumpf.de\/\",\"name\":\"Konsumpf - Forum f\u00fcr kreative Konsumkritik - Culture Jamming, Nachhaltigkeit, Konzernkritik, Adbusting\",\"description\":\"\",\"potentialAction\":[{\"@type\":\"SearchAction\",\"target\":{\"@type\":\"EntryPoint\",\"urlTemplate\":\"https:\/\/konsumpf.de\/?s={search_term_string}\"},\"query-input\":{\"@type\":\"PropertyValueSpecification\",\"valueRequired\":true,\"valueName\":\"search_term_string\"}}],\"inLanguage\":\"de\"}]}<\/script>\n<!-- \/ Yoast SEO plugin. -->","yoast_head_json":{"title":"Culture Jamming \/ Adbusting \/ Werbekritik - Konsumpf - Forum f\u00fcr kreative Konsumkritik - Culture Jamming, Nachhaltigkeit, Konzernkritik, Adbusting","robots":{"index":"index","follow":"follow","max-snippet":"max-snippet:-1","max-image-preview":"max-image-preview:large","max-video-preview":"max-video-preview:-1"},"canonical":"https:\/\/konsumpf.de\/?page_id=2434","og_locale":"de_DE","og_type":"article","og_title":"Culture Jamming \/ Adbusting \/ Werbekritik - Konsumpf - Forum f\u00fcr kreative Konsumkritik - Culture Jamming, Nachhaltigkeit, Konzernkritik, Adbusting","og_description":"Hier findet ihr interessante weiterf\u00fchrende Informationen rund um die schillernden Themen Culture Jamming, Adbusting, Werbekritik u.\u00e4. \u2013 zuerst empfehle ich denen, die sie noch nicht kennen, als Einf\u00fchrung die Lekt\u00fcre meiner Beitr\u00e4ge: \u201eWas ist eigentlich Culture Jamming? Und was soll Adbusting?\u201c, sowie meine Aufkl\u00e4rungsserie \u201eWerbung schadet\u201c Weitere sehr empfehlenswerte Texte zu Culture Jamming &amp; Adbusting: [&hellip;]","og_url":"https:\/\/konsumpf.de\/?page_id=2434","og_site_name":"Konsumpf - Forum f\u00fcr kreative Konsumkritik - Culture Jamming, Nachhaltigkeit, Konzernkritik, Adbusting","article_modified_time":"2024-06-09T06:53:54+00:00","og_image":[{"url":"http:\/\/konsumpf.de\/wp-content\/uploads\/2009\/01\/prozac-adbusting.jpg","type":"","width":"","height":""}],"twitter_card":"summary_large_image","twitter_misc":{"Gesch\u00e4tzte Lesezeit":"3\u00a0Minuten"},"schema":{"@context":"https:\/\/schema.org","@graph":[{"@type":"WebPage","@id":"https:\/\/konsumpf.de\/?page_id=2434","url":"https:\/\/konsumpf.de\/?page_id=2434","name":"Culture Jamming \/ Adbusting \/ Werbekritik - Konsumpf - Forum f\u00fcr kreative Konsumkritik - Culture Jamming, Nachhaltigkeit, Konzernkritik, Adbusting","isPartOf":{"@id":"https:\/\/konsumpf.de\/#website"},"primaryImageOfPage":{"@id":"https:\/\/konsumpf.de\/?page_id=2434#primaryimage"},"image":{"@id":"https:\/\/konsumpf.de\/?page_id=2434#primaryimage"},"thumbnailUrl":"http:\/\/konsumpf.de\/wp-content\/uploads\/2009\/01\/prozac-adbusting.jpg","datePublished":"2009-01-25T13:11:06+00:00","dateModified":"2024-06-09T06:53:54+00:00","breadcrumb":{"@id":"https:\/\/konsumpf.de\/?page_id=2434#breadcrumb"},"inLanguage":"de","potentialAction":[{"@type":"ReadAction","target":["https:\/\/konsumpf.de\/?page_id=2434"]}]},{"@type":"ImageObject","inLanguage":"de","@id":"https:\/\/konsumpf.de\/?page_id=2434#primaryimage","url":"https:\/\/konsumpf.de\/wp-content\/uploads\/2009\/01\/prozac-adbusting.jpg","contentUrl":"https:\/\/konsumpf.de\/wp-content\/uploads\/2009\/01\/prozac-adbusting.jpg","width":"305","height":"420"},{"@type":"BreadcrumbList","@id":"https:\/\/konsumpf.de\/?page_id=2434#breadcrumb","itemListElement":[{"@type":"ListItem","position":1,"name":"Startseite","item":"https:\/\/konsumpf.de\/"},{"@type":"ListItem","position":2,"name":"Wissensbasis","item":"https:\/\/konsumpf.de\/?page_id=2421"},{"@type":"ListItem","position":3,"name":"Culture Jamming \/ Adbusting \/ Werbekritik"}]},{"@type":"WebSite","@id":"https:\/\/konsumpf.de\/#website","url":"https:\/\/konsumpf.de\/","name":"Konsumpf - Forum f\u00fcr kreative Konsumkritik - Culture Jamming, Nachhaltigkeit, Konzernkritik, Adbusting","description":"","potentialAction":[{"@type":"SearchAction","target":{"@type":"EntryPoint","urlTemplate":"https:\/\/konsumpf.de\/?s={search_term_string}"},"query-input":{"@type":"PropertyValueSpecification","valueRequired":true,"valueName":"search_term_string"}}],"inLanguage":"de"}]}},"_links":{"self":[{"href":"https:\/\/konsumpf.de\/index.php?rest_route=\/wp\/v2\/pages\/2434"}],"collection":[{"href":"https:\/\/konsumpf.de\/index.php?rest_route=\/wp\/v2\/pages"}],"about":[{"href":"https:\/\/konsumpf.de\/index.php?rest_route=\/wp\/v2\/types\/page"}],"author":[{"embeddable":true,"href":"https:\/\/konsumpf.de\/index.php?rest_route=\/wp\/v2\/users\/1"}],"replies":[{"embeddable":true,"href":"https:\/\/konsumpf.de\/index.php?rest_route=%2Fwp%2Fv2%2Fcomments&post=2434"}],"version-history":[{"count":39,"href":"https:\/\/konsumpf.de\/index.php?rest_route=\/wp\/v2\/pages\/2434\/revisions"}],"predecessor-version":[{"id":15589,"href":"https:\/\/konsumpf.de\/index.php?rest_route=\/wp\/v2\/pages\/2434\/revisions\/15589"}],"up":[{"embeddable":true,"href":"https:\/\/konsumpf.de\/index.php?rest_route=\/wp\/v2\/pages\/2421"}],"wp:attachment":[{"href":"https:\/\/konsumpf.de\/index.php?rest_route=%2Fwp%2Fv2%2Fmedia&parent=2434"}],"curies":[{"name":"wp","href":"https:\/\/api.w.org\/{rel}","templated":true}]}}