{"id":201,"date":"2008-10-14T13:34:17","date_gmt":"2008-10-14T12:34:17","guid":{"rendered":"http:\/\/konsumpf.de\/?page_id=201"},"modified":"2024-06-09T08:52:24","modified_gmt":"2024-06-09T06:52:24","slug":"uber-mich","status":"publish","type":"page","link":"https:\/\/konsumpf.de\/?page_id=201","title":{"rendered":"\u00dcber mich"},"content":{"rendered":"<p style=\"color: #000080;\"><a href=\"http:\/\/konsumpf.de\/wp-content\/uploads\/2008\/10\/peterpop.jpg\"><img loading=\"lazy\" decoding=\"async\" class=\"alignright size-medium wp-image-191\" title=\"peterpop\" src=\"http:\/\/konsumpf.de\/wp-content\/uploads\/2008\/10\/peterpop.jpg\" alt=\"\" width=\"191\" height=\"143\" \/><\/a><strong><span style=\"color: #000080;\">Peter<\/span><\/strong>; ich halte mich \u00fcberwiegend im Kieler Raum auf, arbeite selbst\u00e4ndig als Webdesigner und Buchlayouter.<br \/>\n\u00bb bei Fragen, Anregungen oder Kritik schreibt mir eine <a href=\"http:\/\/konsumpf.de\/?page_id=15426\">E-Mail<\/a><\/p>\n<p>Obwohl ich mal BWL studiert habe (oder vielleicht auch gerade deswegen?), begann mich bereits Anfang der 90er Jahre in unwohles Gef\u00fchl zu beschleichen, was die Entwicklungen in der Wirtschaft anging. Besonders st\u00f6rte mich schon damals das \u00dcberhandnehmen von Reklame &amp; Kommerz in allen Bereichen des Lebens, das allm\u00e4hliche Versacken des Medienniveaus \u201eDank\u201d des Privatfernsehens und auch die zunehmende Monoformisierung der Innenst\u00e4dte auf Grund der stetig voran schreitenden Marktmachtkonzentation weltweit.<\/p>\n<p>Meine ersten \u201eAdbusting\u201d-Schritte unternahm ich so gegen 1992\/1993, obwohl ich damals noch nicht wusste, dass man es so nennt. Zusammen mit einem Freund griffen wir besonders penetrante und br\u00e4sige Werbung auf, parodierten sie oder fassten sie w\u00f6rtlich auf und konfrontierten die Firmen mit unseren Gedanken (dies f\u00fchrte zu einem Buch, das eine allerdings eher humoristisch-satirische Ausrichtung hatte).<\/p>\n<p>Dieses Unbehagen in Bezug auf vieles, was in der Wirtschaftswelt und der (Medien-)Gesellschaft vor sich ging\/geht, wuchs von Jahr zu Jahr, ohne dass ich genau wusste, woran es im Einzelnen lag und was ich dagegen tun k\u00f6nnte. Erst Anfang 2008, als mir der Zufall das Buch <strong><span style=\"color: #000080;\">\u201eCulture Jamming \u2013 Das Manifest der Anti-Werbung\u201c<\/span><\/strong> von <span style=\"color: #000080;\">Kalle Lasn<\/span> in die H\u00e4nde spielte, wurden mir die Augen ge\u00f6ffnet und ich entdeckte, dass ich mit meinem Unbehagen und meiner Ablehnung der Reklameindustrie nicht alleine stehe, sondern dass es seit Jahren eine aktive Gegenbewegung zur Kommerzgesellschaft gibt. Fortan besch\u00e4ftigte ich mich vermehrt intensiv mit Literatur zum Thema \u201eGlobalisierungskritik\u201d und allem, was dazu geh\u00f6rt, und schlie\u00dflich wuchs in mir nicht nur die Wut \u00fcber viele Fehlentwicklungen in der Welt, sondern auch die \u00dcberzeugung, dass ich sowohl meinen Konsum umstellen (ich habe seitdem viele Dinge in meinem Konsumentenleben ge\u00e4ndert \u2013 keine Eink\u00e4ufe bei Discountern, \u00d6kostrom, mehr Biowaren, Vermeiden von Produkten von Firmen mit asozialer Unternehmenspolitik, keine werbefinanzierten Zeitschriften mehr, kein Privatfernsehen etc.), als auch aktiv etwas unternehmen muss. Dies umfasst sowohl konkrete Culture Jamming-Aktionen als eben auch diese Website.<\/p>\n<p style=\"margin-top: 16px; margin-left: 4px;\">Mein Buch:<br \/>\n<a href=\"http:\/\/www.unrast-verlag.de\/neuerscheinungen\/ueberdruss-im-ueberfluss-detail\" target=\"_blank\" rel=\"noopener\"><img decoding=\"async\" style=\"margin-top: 5px;\" src=\"https:\/\/www.konsumpf.de\/bilder\/Marwitz-ueberdruss-im-ueberfluss.jpg\" \/><\/a> <a href=\"http:\/\/konsumpf.de\/wp-content\/uploads\/2008\/10\/schweinelogo.gif\"><img loading=\"lazy\" decoding=\"async\" class=\"aligncenter size-medium wp-image-211\" title=\"schweinelogo\" src=\"http:\/\/konsumpf.de\/wp-content\/uploads\/2008\/10\/schweinelogo.gif\" alt=\"\" width=\"100\" height=\"101\" \/><\/a><br \/>\n<img loading=\"lazy\" decoding=\"async\" style=\"display: none ! important;\" src=\"http:\/\/vg07.met.vgwort.de\/na\/798e4a5491d7453ebf55ae3f40bf94f2\" alt=\"\" width=\"1\" height=\"1\" \/><\/p>\n<h3 class='related_post_title'>Verwandte Beitr\u00e4ge:<\/h3><ul class='related_post'><li>Keine verwandten Beitr\u00e4ge<\/li><\/ul>","protected":false},"excerpt":{"rendered":"<p>Peter; ich halte mich \u00fcberwiegend im Kieler Raum auf, arbeite selbst\u00e4ndig als Webdesigner und Buchlayouter. \u00bb bei Fragen, Anregungen oder Kritik schreibt mir eine E-Mail Obwohl ich mal BWL studiert habe (oder vielleicht auch gerade deswegen?), begann mich bereits Anfang der 90er Jahre in unwohles Gef\u00fchl zu beschleichen, was die Entwicklungen in der Wirtschaft anging. [&hellip;]<\/p>\n","protected":false},"author":1,"featured_media":0,"parent":0,"menu_order":3,"comment_status":"closed","ping_status":"open","template":"","meta":{"footnotes":""},"yoast_head":"<!-- This site is optimized with the Yoast SEO plugin v24.4 - https:\/\/yoast.com\/wordpress\/plugins\/seo\/ -->\n<title>\u00dcber mich - Konsumpf - Forum f\u00fcr kreative Konsumkritik - Culture Jamming, Nachhaltigkeit, Konzernkritik, Adbusting<\/title>\n<meta name=\"robots\" content=\"index, follow, max-snippet:-1, max-image-preview:large, max-video-preview:-1\" \/>\n<link rel=\"canonical\" href=\"https:\/\/konsumpf.de\/?page_id=201\" \/>\n<meta property=\"og:locale\" content=\"de_DE\" \/>\n<meta property=\"og:type\" content=\"article\" \/>\n<meta property=\"og:title\" content=\"\u00dcber mich - Konsumpf - Forum f\u00fcr kreative Konsumkritik - Culture Jamming, Nachhaltigkeit, Konzernkritik, Adbusting\" \/>\n<meta property=\"og:description\" content=\"Peter; ich halte mich \u00fcberwiegend im Kieler Raum auf, arbeite selbst\u00e4ndig als Webdesigner und Buchlayouter. \u00bb bei Fragen, Anregungen oder Kritik schreibt mir eine E-Mail Obwohl ich mal BWL studiert habe (oder vielleicht auch gerade deswegen?), begann mich bereits Anfang der 90er Jahre in unwohles Gef\u00fchl zu beschleichen, was die Entwicklungen in der Wirtschaft anging. [&hellip;]\" \/>\n<meta property=\"og:url\" content=\"https:\/\/konsumpf.de\/?page_id=201\" \/>\n<meta property=\"og:site_name\" content=\"Konsumpf - Forum f\u00fcr kreative Konsumkritik - Culture Jamming, Nachhaltigkeit, Konzernkritik, Adbusting\" \/>\n<meta property=\"article:modified_time\" content=\"2024-06-09T06:52:24+00:00\" \/>\n<meta property=\"og:image\" content=\"http:\/\/konsumpf.de\/wp-content\/uploads\/2008\/10\/peterpop.jpg\" \/>\n<meta name=\"twitter:card\" content=\"summary_large_image\" \/>\n<meta name=\"twitter:label1\" content=\"Gesch\u00e4tzte Lesezeit\" \/>\n\t<meta name=\"twitter:data1\" content=\"3\u00a0Minuten\" \/>\n<script type=\"application\/ld+json\" class=\"yoast-schema-graph\">{\"@context\":\"https:\/\/schema.org\",\"@graph\":[{\"@type\":\"WebPage\",\"@id\":\"https:\/\/konsumpf.de\/?page_id=201\",\"url\":\"https:\/\/konsumpf.de\/?page_id=201\",\"name\":\"\u00dcber mich - Konsumpf - Forum f\u00fcr kreative Konsumkritik - Culture Jamming, Nachhaltigkeit, Konzernkritik, Adbusting\",\"isPartOf\":{\"@id\":\"https:\/\/konsumpf.de\/#website\"},\"primaryImageOfPage\":{\"@id\":\"https:\/\/konsumpf.de\/?page_id=201#primaryimage\"},\"image\":{\"@id\":\"https:\/\/konsumpf.de\/?page_id=201#primaryimage\"},\"thumbnailUrl\":\"http:\/\/konsumpf.de\/wp-content\/uploads\/2008\/10\/peterpop.jpg\",\"datePublished\":\"2008-10-14T12:34:17+00:00\",\"dateModified\":\"2024-06-09T06:52:24+00:00\",\"breadcrumb\":{\"@id\":\"https:\/\/konsumpf.de\/?page_id=201#breadcrumb\"},\"inLanguage\":\"de\",\"potentialAction\":[{\"@type\":\"ReadAction\",\"target\":[\"https:\/\/konsumpf.de\/?page_id=201\"]}]},{\"@type\":\"ImageObject\",\"inLanguage\":\"de\",\"@id\":\"https:\/\/konsumpf.de\/?page_id=201#primaryimage\",\"url\":\"https:\/\/konsumpf.de\/wp-content\/uploads\/2008\/10\/peterpop.jpg\",\"contentUrl\":\"https:\/\/konsumpf.de\/wp-content\/uploads\/2008\/10\/peterpop.jpg\"},{\"@type\":\"BreadcrumbList\",\"@id\":\"https:\/\/konsumpf.de\/?page_id=201#breadcrumb\",\"itemListElement\":[{\"@type\":\"ListItem\",\"position\":1,\"name\":\"Startseite\",\"item\":\"https:\/\/konsumpf.de\/\"},{\"@type\":\"ListItem\",\"position\":2,\"name\":\"\u00dcber mich\"}]},{\"@type\":\"WebSite\",\"@id\":\"https:\/\/konsumpf.de\/#website\",\"url\":\"https:\/\/konsumpf.de\/\",\"name\":\"Konsumpf - Forum f\u00fcr kreative Konsumkritik - Culture Jamming, Nachhaltigkeit, Konzernkritik, Adbusting\",\"description\":\"\",\"potentialAction\":[{\"@type\":\"SearchAction\",\"target\":{\"@type\":\"EntryPoint\",\"urlTemplate\":\"https:\/\/konsumpf.de\/?s={search_term_string}\"},\"query-input\":{\"@type\":\"PropertyValueSpecification\",\"valueRequired\":true,\"valueName\":\"search_term_string\"}}],\"inLanguage\":\"de\"}]}<\/script>\n<!-- \/ Yoast SEO plugin. -->","yoast_head_json":{"title":"\u00dcber mich - Konsumpf - Forum f\u00fcr kreative Konsumkritik - Culture Jamming, Nachhaltigkeit, Konzernkritik, Adbusting","robots":{"index":"index","follow":"follow","max-snippet":"max-snippet:-1","max-image-preview":"max-image-preview:large","max-video-preview":"max-video-preview:-1"},"canonical":"https:\/\/konsumpf.de\/?page_id=201","og_locale":"de_DE","og_type":"article","og_title":"\u00dcber mich - Konsumpf - Forum f\u00fcr kreative Konsumkritik - Culture Jamming, Nachhaltigkeit, Konzernkritik, Adbusting","og_description":"Peter; ich halte mich \u00fcberwiegend im Kieler Raum auf, arbeite selbst\u00e4ndig als Webdesigner und Buchlayouter. \u00bb bei Fragen, Anregungen oder Kritik schreibt mir eine E-Mail Obwohl ich mal BWL studiert habe (oder vielleicht auch gerade deswegen?), begann mich bereits Anfang der 90er Jahre in unwohles Gef\u00fchl zu beschleichen, was die Entwicklungen in der Wirtschaft anging. [&hellip;]","og_url":"https:\/\/konsumpf.de\/?page_id=201","og_site_name":"Konsumpf - Forum f\u00fcr kreative Konsumkritik - Culture Jamming, Nachhaltigkeit, Konzernkritik, Adbusting","article_modified_time":"2024-06-09T06:52:24+00:00","og_image":[{"url":"http:\/\/konsumpf.de\/wp-content\/uploads\/2008\/10\/peterpop.jpg","type":"","width":"","height":""}],"twitter_card":"summary_large_image","twitter_misc":{"Gesch\u00e4tzte Lesezeit":"3\u00a0Minuten"},"schema":{"@context":"https:\/\/schema.org","@graph":[{"@type":"WebPage","@id":"https:\/\/konsumpf.de\/?page_id=201","url":"https:\/\/konsumpf.de\/?page_id=201","name":"\u00dcber mich - Konsumpf - Forum f\u00fcr kreative Konsumkritik - Culture Jamming, Nachhaltigkeit, Konzernkritik, Adbusting","isPartOf":{"@id":"https:\/\/konsumpf.de\/#website"},"primaryImageOfPage":{"@id":"https:\/\/konsumpf.de\/?page_id=201#primaryimage"},"image":{"@id":"https:\/\/konsumpf.de\/?page_id=201#primaryimage"},"thumbnailUrl":"http:\/\/konsumpf.de\/wp-content\/uploads\/2008\/10\/peterpop.jpg","datePublished":"2008-10-14T12:34:17+00:00","dateModified":"2024-06-09T06:52:24+00:00","breadcrumb":{"@id":"https:\/\/konsumpf.de\/?page_id=201#breadcrumb"},"inLanguage":"de","potentialAction":[{"@type":"ReadAction","target":["https:\/\/konsumpf.de\/?page_id=201"]}]},{"@type":"ImageObject","inLanguage":"de","@id":"https:\/\/konsumpf.de\/?page_id=201#primaryimage","url":"https:\/\/konsumpf.de\/wp-content\/uploads\/2008\/10\/peterpop.jpg","contentUrl":"https:\/\/konsumpf.de\/wp-content\/uploads\/2008\/10\/peterpop.jpg"},{"@type":"BreadcrumbList","@id":"https:\/\/konsumpf.de\/?page_id=201#breadcrumb","itemListElement":[{"@type":"ListItem","position":1,"name":"Startseite","item":"https:\/\/konsumpf.de\/"},{"@type":"ListItem","position":2,"name":"\u00dcber mich"}]},{"@type":"WebSite","@id":"https:\/\/konsumpf.de\/#website","url":"https:\/\/konsumpf.de\/","name":"Konsumpf - Forum f\u00fcr kreative Konsumkritik - Culture Jamming, Nachhaltigkeit, Konzernkritik, Adbusting","description":"","potentialAction":[{"@type":"SearchAction","target":{"@type":"EntryPoint","urlTemplate":"https:\/\/konsumpf.de\/?s={search_term_string}"},"query-input":{"@type":"PropertyValueSpecification","valueRequired":true,"valueName":"search_term_string"}}],"inLanguage":"de"}]}},"_links":{"self":[{"href":"https:\/\/konsumpf.de\/index.php?rest_route=\/wp\/v2\/pages\/201"}],"collection":[{"href":"https:\/\/konsumpf.de\/index.php?rest_route=\/wp\/v2\/pages"}],"about":[{"href":"https:\/\/konsumpf.de\/index.php?rest_route=\/wp\/v2\/types\/page"}],"author":[{"embeddable":true,"href":"https:\/\/konsumpf.de\/index.php?rest_route=\/wp\/v2\/users\/1"}],"replies":[{"embeddable":true,"href":"https:\/\/konsumpf.de\/index.php?rest_route=%2Fwp%2Fv2%2Fcomments&post=201"}],"version-history":[{"count":38,"href":"https:\/\/konsumpf.de\/index.php?rest_route=\/wp\/v2\/pages\/201\/revisions"}],"predecessor-version":[{"id":15489,"href":"https:\/\/konsumpf.de\/index.php?rest_route=\/wp\/v2\/pages\/201\/revisions\/15489"}],"wp:attachment":[{"href":"https:\/\/konsumpf.de\/index.php?rest_route=%2Fwp%2Fv2%2Fmedia&parent=201"}],"curies":[{"name":"wp","href":"https:\/\/api.w.org\/{rel}","templated":true}]}}

Über mich

<p style="color: #000080;"><a href="http://konsumpf.de/wp-content/uploads/2008/10/peterpop.jpg"><img loading="lazy" decoding="async" class="alignright size-medium wp-image-191" title="peterpop" src="http://konsumpf.de/wp-content/uploads/2008/10/peterpop.jpg" alt="" width="191" height="143" /></a><strong><span style="color: #000080;">Peter</span></strong>; ich halte mich überwiegend im Kieler Raum auf, arbeite selbständig als Webdesigner und Buchlayouter.<br />
» bei Fragen, Anregungen oder Kritik schreibt mir eine <a href="http://konsumpf.de/?page_id=15426">E-Mail</a></p>
<p>Obwohl ich mal BWL studiert habe (oder vielleicht auch gerade deswegen?), begann mich bereits Anfang der 90er Jahre in unwohles Gefühl zu beschleichen, was die Entwicklungen in der Wirtschaft anging. Besonders störte mich schon damals das Überhandnehmen von Reklame &amp; Kommerz in allen Bereichen des Lebens, das allmähliche Versacken des Medienniveaus „Dank” des Privatfernsehens und auch die zunehmende Monoformisierung der Innenstädte auf Grund der stetig voran schreitenden Marktmachtkonzentation weltweit.</p>
<p>Meine ersten „Adbusting”-Schritte unternahm ich so gegen 1992/1993, obwohl ich damals noch nicht wusste, dass man es so nennt. Zusammen mit einem Freund griffen wir besonders penetrante und bräsige Werbung auf, parodierten sie oder fassten sie wörtlich auf und konfrontierten die Firmen mit unseren Gedanken (dies führte zu einem Buch, das eine allerdings eher humoristisch-satirische Ausrichtung hatte).</p>
<p>Dieses Unbehagen in Bezug auf vieles, was in der Wirtschaftswelt und der (Medien-)Gesellschaft vor sich ging/geht, wuchs von Jahr zu Jahr, ohne dass ich genau wusste, woran es im Einzelnen lag und was ich dagegen tun könnte. Erst Anfang 2008, als mir der Zufall das Buch <strong><span style="color: #000080;">„Culture Jamming – Das Manifest der Anti-Werbung“</span></strong> von <span style="color: #000080;">Kalle Lasn</span> in die Hände spielte, wurden mir die Augen geöffnet und ich entdeckte, dass ich mit meinem Unbehagen und meiner Ablehnung der Reklameindustrie nicht alleine stehe, sondern dass es seit Jahren eine aktive Gegenbewegung zur Kommerzgesellschaft gibt. Fortan beschäftigte ich mich vermehrt intensiv mit Literatur zum Thema „Globalisierungskritik” und allem, was dazu gehört, und schließlich wuchs in mir nicht nur die Wut über viele Fehlentwicklungen in der Welt, sondern auch die Überzeugung, dass ich sowohl meinen Konsum umstellen (ich habe seitdem viele Dinge in meinem Konsumentenleben geändert – keine Einkäufe bei Discountern, Ökostrom, mehr Biowaren, Vermeiden von Produkten von Firmen mit asozialer Unternehmenspolitik, keine werbefinanzierten Zeitschriften mehr, kein Privatfernsehen etc.), als auch aktiv etwas unternehmen muss. Dies umfasst sowohl konkrete Culture Jamming-Aktionen als eben auch diese Website.</p>
<p style="margin-top: 16px; margin-left: 4px;">Mein Buch:<br />
<a href="http://www.unrast-verlag.de/neuerscheinungen/ueberdruss-im-ueberfluss-detail" target="_blank" rel="noopener"><img decoding="async" style="margin-top: 5px;" src="https://www.konsumpf.de/bilder/Marwitz-ueberdruss-im-ueberfluss.jpg" /></a> <a href="http://konsumpf.de/wp-content/uploads/2008/10/schweinelogo.gif"><img loading="lazy" decoding="async" class="aligncenter size-medium wp-image-211" title="schweinelogo" src="http://konsumpf.de/wp-content/uploads/2008/10/schweinelogo.gif" alt="" width="100" height="101" /></a><br />
<img loading="lazy" decoding="async" style="display: none ! important;" src="http://vg07.met.vgwort.de/na/798e4a5491d7453ebf55ae3f40bf94f2" alt="" width="1" height="1" /></p>
<h3 class='related_post_title'>Verwandte Beiträge:</h3><ul class='related_post'><li>Keine verwandten Beiträge</li></ul>

<p>Peter; ich halte mich überwiegend im Kieler Raum auf, arbeite selbständig als Webdesigner und Buchlayouter. » bei Fragen, Anregungen oder Kritik schreibt mir eine E-Mail Obwohl ich mal BWL studiert habe (oder vielleicht auch gerade deswegen?), begann mich bereits Anfang der 90er Jahre in unwohles Gefühl zu beschleichen, was die Entwicklungen in der Wirtschaft anging. [&hellip;]</p>

<!-- This site is optimized with the Yoast SEO plugin v24.4 - https://yoast.com/wordpress/plugins/seo/ -->
<title>Über mich - Konsumpf - Forum für kreative Konsumkritik - Culture Jamming, Nachhaltigkeit, Konzernkritik, Adbusting</title>
<meta name="robots" content="index, follow, max-snippet:-1, max-image-preview:large, max-video-preview:-1" />
<link rel="canonical" href="https://konsumpf.de/?page_id=201" />
<meta property="og:locale" content="de_DE" />
<meta property="og:type" content="article" />
<meta property="og:title" content="Über mich - Konsumpf - Forum für kreative Konsumkritik - Culture Jamming, Nachhaltigkeit, Konzernkritik, Adbusting" />
<meta property="og:description" content="Peter; ich halte mich überwiegend im Kieler Raum auf, arbeite selbständig als Webdesigner und Buchlayouter. » bei Fragen, Anregungen oder Kritik schreibt mir eine E-Mail Obwohl ich mal BWL studiert habe (oder vielleicht auch gerade deswegen?), begann mich bereits Anfang der 90er Jahre in unwohles Gefühl zu beschleichen, was die Entwicklungen in der Wirtschaft anging. [&hellip;]" />
<meta property="og:url" content="https://konsumpf.de/?page_id=201" />
<meta property="og:site_name" content="Konsumpf - Forum für kreative Konsumkritik - Culture Jamming, Nachhaltigkeit, Konzernkritik, Adbusting" />
<meta property="article:modified_time" content="2024-06-09T06:52:24+00:00" />
<meta property="og:image" content="http://konsumpf.de/wp-content/uploads/2008/10/peterpop.jpg" />
<meta name="twitter:card" content="summary_large_image" />
<meta name="twitter:label1" content="Geschätzte Lesezeit" />
	<meta name="twitter:data1" content="3 Minuten" />
<script type="application/ld+json" class="yoast-schema-graph">{"@context":"https://schema.org","@graph":[{"@type":"WebPage","@id":"https://konsumpf.de/?page_id=201","url":"https://konsumpf.de/?page_id=201","name":"Über mich - Konsumpf - Forum für kreative Konsumkritik - Culture Jamming, Nachhaltigkeit, Konzernkritik, Adbusting","isPartOf":{"@id":"https://konsumpf.de/#website"},"primaryImageOfPage":{"@id":"https://konsumpf.de/?page_id=201#primaryimage"},"image":{"@id":"https://konsumpf.de/?page_id=201#primaryimage"},"thumbnailUrl":"http://konsumpf.de/wp-content/uploads/2008/10/peterpop.jpg","datePublished":"2008-10-14T12:34:17+00:00","dateModified":"2024-06-09T06:52:24+00:00","breadcrumb":{"@id":"https://konsumpf.de/?page_id=201#breadcrumb"},"inLanguage":"de","potentialAction":[{"@type":"ReadAction","target":["https://konsumpf.de/?page_id=201"]}]},{"@type":"ImageObject","inLanguage":"de","@id":"https://konsumpf.de/?page_id=201#primaryimage","url":"https://konsumpf.de/wp-content/uploads/2008/10/peterpop.jpg","contentUrl":"https://konsumpf.de/wp-content/uploads/2008/10/peterpop.jpg"},{"@type":"BreadcrumbList","@id":"https://konsumpf.de/?page_id=201#breadcrumb","itemListElement":[{"@type":"ListItem","position":1,"name":"Startseite","item":"https://konsumpf.de/"},{"@type":"ListItem","position":2,"name":"Über mich"}]},{"@type":"WebSite","@id":"https://konsumpf.de/#website","url":"https://konsumpf.de/","name":"Konsumpf - Forum für kreative Konsumkritik - Culture Jamming, Nachhaltigkeit, Konzernkritik, Adbusting","description":"","potentialAction":[{"@type":"SearchAction","target":{"@type":"EntryPoint","urlTemplate":"https://konsumpf.de/?s={search_term_string}"},"query-input":{"@type":"PropertyValueSpecification","valueRequired":true,"valueName":"search_term_string"}}],"inLanguage":"de"}]}</script>
<!-- / Yoast SEO plugin. -->

Über mich - Konsumpf - Forum für kreative Konsumkritik - Culture Jamming, Nachhaltigkeit, Konzernkritik, Adbusting

Peter; ich halte mich überwiegend im Kieler Raum auf, arbeite selbständig als Webdesigner und Buchlayouter. » bei Fragen, Anregungen oder Kritik schreibt mir eine E-Mail Obwohl ich mal BWL studiert habe (oder vielleicht auch gerade deswegen?), begann mich bereits Anfang der 90er Jahre in unwohles Gefühl zu beschleichen, was die Entwicklungen in der Wirtschaft anging. [&hellip;]

Konsumpf - Forum für kreative Konsumkritik - Culture Jamming, Nachhaltigkeit, Konzernkritik, Adbusting
